s the tens digit of y?
2
Let d(i) = -8*i**3 + 3*i**2 + 4*i - 2. Let p be d(-5). Suppose -4*s - 3*b + 481 + 910 = 0, -3*s + p = -b. What is the units digit of s?
0
Let m = 20533 - 8362. What is the thousands digit of m?
2
Let q(f) = 14*f - 5*f + 8*f + 9. Suppose 0 = -7*p + 2*p - 4*d - 2, -2*p - 11 = 5*d. What is the tens digit of q(p)?
4
Suppose 67662 - 19874 = 52*o. What is the units digit of o?
9
Suppose 5*r + k - 163366 = -59292, -4*r + 83272 = 4*k. What is the units digit of r?
4
What is the tens digit of 7300/6*(-378)/(-63)?
0
What is the ten thousands digit of 12461625/399 - (26/(-14) + 1)?
3
Suppose -253 - 154 = -11*o. Suppose 0 = o*b - 35*b - 1946. Suppose -i = 2*l - 39 - 206, -4*i = l - b. What is the tens digit of i?
4
Suppose -18*w - 198 = -7*w. Let c(q) = 2*q**2 + 17*q + 34. What is the tens digit of c(w)?
7
Suppose -208*k - 45427 = -426828 - 145463. What is the thousands digit of k?
2
Let b(p) = 26*p**2 + 13*p - 24. Let m(z) = 104*z**2 + 54*z - 97. Let y(f) = 9*b(f) - 2*m(f). What is the tens digit of y(3)?
3
Let n be (5168 + 1)*(-8)/(-12). What is the hundreds digit of n*2/8 + (-17)/(-34)?
8
Let u(x) = 8*x + 33. Suppose 10*j - 16 = -76. Let b be u(j). What is the tens digit of 5/b - 367/(-3)?
2
Suppose -9*l = 2*q - 4744, -20*q + 22*q - 4*l = 4796. What is the tens digit of q?
9
Let z = 33 - -205. Suppose z = 3*b - 338. Suppose x + 5*r = 90, 4*x - 4*r - 240 = b. What is the hundreds digit of x?
1
Let l be (-6)/3 - 2*-1. Suppose l = 3*a - a + 12. What is the hundreds digit of ((-129)/a)/((-3)/(-18))?
1
Let f = 55 - 35. Suppose -7*z + f + 5048 = 0. What is the units digit of z?
4
Let m be (-76 - -85)/(2/(-68)). What is the units digit of (m/(-10))/(12/200)?
0
Suppose -4*f = 3*s - 1441 - 6571, -f = -5*s - 1980. Suppose 3*q + 7*q = f. What is the hundreds digit of q?
2
What is the units digit of -2 - -5 - (-2 + 19 - 49599)?
5
Let c(o) = -24*o + 4*o**2 + 5*o**3 - 78 + 95 + 0*o**2 + o + 96. What is the tens digit of c(7)?
6
Let u = -109 + 243. Let t(s) = 4*s**2 + 80*s - 26. Let k be t(-24). Suppose u = -a + 2*a + 4*x, -x = 3*a - k. What is the hundreds digit of a?
1
Suppose 4*q + 15 - 7 = 0. Suppose 3*b + 0 = -3. What is the tens digit of b*(q - 0) + 84?
8
Let y(o) = 48*o + 35. Let r be y(6). Suppose s - 2*h - r = 0, -3*h = 3*s - 6*h - 966. What is the hundreds digit of s?
3
Let d(p) = -159*p + 16. Let u(o) = 2*o + 2. Let m(n) = -d(n) - 3*u(n). What is the units digit of m(2)?
4
Suppose 4*g + 882 = 10*g. Suppose -7*v - g = -6*v. Let y = 248 + v. What is the hundreds digit of y?
1
Let h = -1678 + 3828. What is the hundreds digit of h?
1
Let j = -35 + 35. Suppose -3*i + 1731 = -j*i. What is the units digit of i?
7
Let i = -8506 + 15563. What is the tens digit of i?
5
Suppose 4*f + 3*p = 43542 + 35539, 2*p - 14 = 0. What is the ten thousands digit of f?
1
Suppose 1 = 4*r - 3*m, 0*m - 4*m + 20 = 0. Suppose 22*g - 10269 = g. Suppose l - 15 = 6*l, r*u + l = g. What is the tens digit of u?
2
Suppose -l - 3*k + k + 455 = 0, 4*l - 5*k - 1859 = 0. Let f = -169 + l. What is the hundreds digit of f?
2
Suppose -11*w + 151 + 102 + 77 = 0. What is the units digit of w?
0
Let j(d) be the second derivative of d**4/6 - 3*d**3 + 27*d**2/2 - 94*d. Let c = 6 + 5. What is the units digit of j(c)?
1
Suppose -6*l - 3*d - 25 = -2*l, 2*l + 5*d = -23. Let y be (2/l)/(2823/1410 - 2). Let z = y - -387. What is the hundreds digit of z?
1
Suppose -5551152 = -743*a + 525*a. What is the units digit of a?
4
Let h be 2738/5 - (-12)/(-20). Suppose -2*u + p = -h, u - 5*p - 567 = -u. Let x = u + -160. What is the hundreds digit of x?
1
Suppose -k = y - 11, -3*k - y - 1 = -4*k. Suppose -a = -k*a + 2030. What is the hundreds digit of a?
4
Let p(l) = l**2 - 24*l - 20. Let o be p(24). Let h be (-5 + (-135)/o)*1064. What is the units digit of 12/(-7)*h/(-28)?
4
Let a(g) = -g**2 + 8*g + 23. Let d be a(-3). What is the tens digit of 224/(-2 - d/4)?
4
What is the ten thousands digit of (2 - 1)*9*242768/144?
1
Suppose -32 = -3*n + 4*c, 4*c + 14 = 5*n - 26. Suppose -2*f = n*v - 586, 0 = -5*f + 7*f - 5*v - 613. What is the units digit of f?
9
Suppose -22*s + 112 = -29*s. What is the units digit of (s/(-12))/(1/(1386/4))?
2
Let o(u) = 5150*u**2 - u. What is the thousands digit of o(-1)?
5
Suppose 0 = 59*n + 5962 - 300313. What is the hundreds digit of n?
9
Suppose 0 = 2*w + 25*p - 20*p - 16651, -5*p - 24914 = -3*w. What is the hundreds digit of w?
3
Let r(a) = -492*a + 2034. What is the tens digit of r(-15)?
1
Suppose 2*o - 3*q - 65731 = 0, 65755 = -55*o + 57*o + 5*q. What is the ten thousands digit of o?
3
Suppose 80*w + 14 = 82*w. Suppose -k - 1092 = -w*k. What is the units digit of k?
2
Let m(l) = -l**3 - l**2 + 9*l + 21. Let n be m(-14). Let p = n - 1501. What is the units digit of p?
2
Let k(m) = 7*m**3 + 7*m**2 - 14*m + 2. Let b be k(7). Suppose -9852 - b = -25*z. What is the tens digit of z?
0
Let j be (-5 - -5)/(3/3). Suppose -2*l + 2*t + 1468 = j, 5*l = 3*t + 1553 + 2125. What is the units digit of l?
8
Suppose 2*z = 5*z + 3*u + 390, -126 = z + 2*u. Let p(m) = 25*m - 11. Let f be p(8). Let i = f + z. What is the tens digit of i?
5
Let j(c) = -2*c**3 - 50*c**2 - 11*c - 858. What is the ten thousands digit of j(-33)?
1
Let a = 18979 + -14199. What is the thousands digit of a?
4
Let t(l) = -18*l - 13. Suppose 8*s - 7 = 9*s. What is the units digit of t(s)?
3
What is the thousands digit of (5733/(-39))/((-1)/(-20)*6/(-70))?
4
Let w(t) = 220*t**2 + 99*t + 628. What is the ten thousands digit of w(-7)?
1
Suppose 4*u - 16 = -0*u. Let j(v) = -v**2 + 111*v - 820. Let s be j(8). Suppose 4*t - 3*h - 1213 = -154, 0 = u*h + s. What is the units digit of t?
4
Suppose -21*d - 18*d = -897. Suppose -37*o = d*o - 59040. What is the hundreds digit of o?
9
Let g = -38 + 44. Let o(n) = 40*n - 98. What is the hundreds digit of o(g)?
1
Let x(r) = 4*r**3 - 6*r**2 + 9*r - 9. Suppose 2*v + n = 3, -5*n - 3 = -4*v - 18. Suppose 37*o - 40*o + 12 = v. What is the hundreds digit of x(o)?
1
Suppose 0 = 58*a - 50*a - 10728. Suppose -4*m - 261 + a = 0. What is the hundreds digit of m?
2
Suppose 365*z - 364*z - 51395 = 4*n, -256861 = -5*z + n. What is the ten thousands digit of z?
5
Suppose -3*n + n - 3 = -3*j, 4 = 4*j + 2*n. Let v(k) = -1. Let o(m) = -23*m - 6. Let l(w) = -3*o(w) + 15*v(w). What is the units digit of l(j)?
2
Let h be (-52)/(-78)*(-135)/(-2). Suppose 2*l = -2*z - 2*z - 30, 5*l + 5*z + 70 = 0. Let i = l + h. What is the tens digit of i?
3
Suppose 3*j - 4658 = -410. Suppose -3*v = 3*m - 6*v - 6, -13 = -4*m + 3*v. Suppose -m*s + j = s. What is the hundreds digit of s?
1
Let i(u) = 2*u**3 + 8*u**2 + 16*u + 11. Let m(q) = 2*q**3 + 7*q**2 + 15*q + 12. Let d = 145 + -152. Let c(g) = d*m(g) + 6*i(g). What is the tens digit of c(-4)?
3
Suppose -220*d = -287*d + 1408072. What is the units digit of d?
6
Let l(a) = 2*a**3 - 5*a**2 + 4*a + 2. Suppose 0 = 9*k - 6*k - 9. Let d(h) = -1. Let n(r) = k*d(r) + l(r). What is the units digit of n(5)?
4
Let a(d) = -17*d**3 + 4*d**2 - d - 1. Let t be a(1). Let m be (-4)/20 + (-172773)/t + 2. What is the hundreds digit of (-2)/(-5) + m/75?
1
Let y(c) = c**3 + 21*c**2 - 45*c + 50. Let p be y(-23). What is the hundreds digit of -40*570/(-45)*p/12?
1
Suppose 5*f = -4*m + 379, -5*m + 3*f - f = -515. Let v = m + -7. What is the tens digit of v?
9
Let a be ((-2)/4)/((-4)/72). Let b(f) = f**3 - 4*f**2 - f - 44. What is the tens digit of b(a)?
5
Suppose 0 = 2*u - 3*b - 31353, -u + 3*b - 15645 = -2*u. What is the tens digit of u?
6
Suppose -l = -4*l + 5*i - 11, 3*l - 25 = -4*i. Suppose 11*n - 8*n - 4*c = 205, 0 = -2*n - l*c + 114. What is the tens digit of n?
6
Let h = 111 - 71. Suppose -5*a = -5 - h. Let z(p) = p**3 - 6*p**2 - 16*p - 2. What is the tens digit of z(a)?
9
Let u(i) be the second derivative of -i**5/10 - 59*i**4/12 + 5*i**3/2 + 27*i**2/2 - i + 5. What is the hundreds digit of u(-30)?
4
Suppose 3*f - 62 = -5. Let w(a) = -4*a**2 + 8*a - 1. Let o be w(6). Let d = f - o. What is the hundreds digit of d?
1
Let r = -319 + 318. What is the tens digit of (-509)/r + (-186)/(-31)?
1
Let a(o) = -o**3 + 10*o**2 + 4. Let d be a(10). Suppose -q = -2*j - 280, 0*q - d*j - 282 = -q. Let g = q - 41. What is the units digit of g?
7
Let g be -4*(-3)/6 + 1*1517. Let m = g - 765. W